{"id":1528,"date":"2020-06-05T23:27:31","date_gmt":"2020-06-05T23:27:31","guid":{"rendered":"https:\/\/sofia-ruiz.com\/?page_id=1528"},"modified":"2023-05-30T22:52:21","modified_gmt":"2023-05-30T22:52:21","slug":"recursosracismo","status":"publish","type":"page","link":"https:\/\/sofia-ruiz.com\/es\/sobreactuando\/recursosracismo\/","title":{"rendered":"Recursos Racismo"},"content":{"rendered":"<div class=\"wp-block-image is-style-circle-mask\"><figure class=\"aligncenter size-large is-resized\"><img loading=\"lazy\" decoding=\"async\" src=\"https:\/\/sofia-ruiz.com\/wp-content\/uploads\/2020\/06\/Podcastgram-COVID-1024x1024.png\" alt=\"\" class=\"wp-image-1529\" width=\"109\" height=\"109\" srcset=\"https:\/\/sofia-ruiz.com\/wp-content\/uploads\/2020\/06\/Podcastgram-COVID-1024x1024.png 1024w, https:\/\/sofia-ruiz.com\/wp-content\/uploads\/2020\/06\/Podcastgram-COVID-300x300.png 300w, https:\/\/sofia-ruiz.com\/wp-content\/uploads\/2020\/06\/Podcastgram-COVID-150x150.png 150w, https:\/\/sofia-ruiz.com\/wp-content\/uploads\/2020\/06\/Podcastgram-COVID-768x768.png 768w, https:\/\/sofia-ruiz.com\/wp-content\/uploads\/2020\/06\/Podcastgram-COVID.png 1080w\" sizes=\"auto, (max-width: 109px) 100vw, 109px\" \/><\/figure><\/div>\n\n\n\n<p class=\"has-text-align-center has-medium-font-size\"><strong><em>Recursos para aprender sobre el racismo y la discriminaci\u00f3n.<\/em><\/strong><\/p>\n\n\n\n<div class=\"wp-block-spacer\" style=\"height: 10px;\" aria-hidden=\"true\">\u00a0<\/div>\r\n<div aria-hidden=\"true\"><a href=\"https:\/\/www.youtube.com\/watch?v=-cWUtzeXsKw\" target=\"_blank\" rel=\"noopener noreferrer\">El Pa\u00eds<\/a> entrevist\u00f3 al actor Tenoch Huerta y expertos sobre el racismo.<\/div>\n\n\n\n<p><a rel=\"noreferrer noopener\" href=\"https:\/\/www.instagram.com\/p\/CA_RAZJH5JO\/?utm_source=ig_web_copy_link\" target=\"_blank\">Malvestida<\/a> tiene una compilaci\u00f3n de libros sobre feminismos negros en espa\u00f1ol.<br><br>Lee <a href=\"https:\/\/www.nytimes.com\/es\/2020\/05\/25\/espanol\/opinion\/yalitza-aparicio-roma.html\" target=\"_blank\" rel=\"noreferrer noopener\">el art\u00edculo<\/a> de Yalitza Aparicio en el New York Times.<br><br><a rel=\"noreferrer noopener\" href=\"https:\/\/medium.com\/wake-up-call\/a-detailed-list-of-anti-racism-resources-a34b259a3eea\" target=\"_blank\">Medium<\/a> provee una lista de lecturas en l\u00ednea en ingl\u00e9s.<br><br><a rel=\"noreferrer noopener\" href=\"https:\/\/www.vanityfair.com\/hollywood\/2020\/06\/just-mercy-antiracism-streaming-content-black-lives-matter\" target=\"_blank\">Vanity Fair<\/a> nos informa de varias plataformas que mostrar\u00e1n cierto contenido de valor para entender las protestas de manera gratuita.<br><br><a rel=\"noreferrer noopener\" href=\"https:\/\/time.com\/5847912\/movies-to-watch-about-racism-protests\/\" target=\"_blank\">Time<\/a> tambi\u00e9n nos da una lista de pel\u00edculas viejas y nuevas que educan sobre el valor de la protesta y la historia del racismo.<br><br><a rel=\"noreferrer noopener\" href=\"https:\/\/www.jasminehemsley.com\/news-feed\/2020\/6\/1\/black-lives-matter-what-you-can-do\" target=\"_blank\">Jasmine Hemsley<\/a> tambi\u00e9n hizo una excelente recopilaci\u00f3n de recursos para apoyar.<br><br>Este <a rel=\"noreferrer noopener\" href=\"https:\/\/docs.google.com\/document\/d\/1H-Vxs6jEUByXylMS2BjGH1kQ7mEuZnHpPSs1Bpaqmw0\/preview?pru=AAABcqonwLY*MxYPPfKUYehp199MVR3A-Q\" target=\"_blank\">Google Doc<\/a> de Autumn Gupta tiene todo tipo de recursos.<\/p>\n\n\n\n<div class=\"wp-block-spacer\" style=\"height: 20px;\" aria-hidden=\"true\"><a href=\"https:\/\/www.shethinx.com\/blogs\/thinx-piece\/educating-yourself-about-anti-racism?utm_source=sengrid&amp;utm_medium=paid|email&amp;utm_campaign=thinx|all|all|traffic&amp;utm_term=blogreaders&amp;utm_content=blog|na|tp|8952893|cta|060420&amp;emailref=c29maWEucnVpejg2QGdtYWlsLmNvbQ==\" target=\"_blank\" rel=\"noopener noreferrer\">Thinx<\/a> comparte su lista.<\/div>\r\n<div aria-hidden=\"true\">\u00a0<\/div>\n\n\n\n<p class=\"has-text-align-center\"><strong>Me gustar\u00eda seguir agregando recursos a la lista, especialmente sobre el racismo y discriminaci\u00f3n en M\u00e9xico y Latinoam\u00e9rica, si sabes de alg\u00fan buen recurso, m\u00e1ndamelo y lo incluir\u00e9.<\/strong><\/p>\n\n\n\n<p>&nbsp;<\/p>\n\n\n\n<div class=\"wp-block-spacer\" style=\"height: 10px;\" aria-hidden=\"true\">\u00a0<\/div>\n\n\n\n<div class=\"wp-block-spacer\" style=\"height: 10px;\" aria-hidden=\"true\">\u00a0<\/div>\n\n\n\n<p>&nbsp;<\/p>","protected":false},"excerpt":{"rendered":"<p>Recursos para aprender sobre el racismo y la discriminaci\u00f3n. Malvestida tiene una compilaci\u00f3n de libros sobre feminismos negros en espa\u00f1ol. Lee el art\u00edculo de Yalitza Aparicio en el New York Times. Medium provee una lista de lecturas en l\u00ednea en ingl\u00e9s. Vanity Fair nos informa de varias plataformas que mostrar\u00e1n cierto contenido de valor para&#8230;<\/p>","protected":false},"author":1,"featured_media":0,"parent":1080,"menu_order":0,"comment_status":"closed","ping_status":"closed","template":"full-width-page.php","meta":{"footnotes":""},"class_list":["post-1528","page","type-page","status-publish","hentry"],"_links":{"self":[{"href":"https:\/\/sofia-ruiz.com\/es\/wp-json\/wp\/v2\/pages\/1528","targetHints":{"allow":["GET"]}}],"collection":[{"href":"https:\/\/sofia-ruiz.com\/es\/wp-json\/wp\/v2\/pages"}],"about":[{"href":"https:\/\/sofia-ruiz.com\/es\/wp-json\/wp\/v2\/types\/page"}],"author":[{"embeddable":true,"href":"https:\/\/sofia-ruiz.com\/es\/wp-json\/wp\/v2\/users\/1"}],"replies":[{"embeddable":true,"href":"https:\/\/sofia-ruiz.com\/es\/wp-json\/wp\/v2\/comments?post=1528"}],"version-history":[{"count":5,"href":"https:\/\/sofia-ruiz.com\/es\/wp-json\/wp\/v2\/pages\/1528\/revisions"}],"predecessor-version":[{"id":1995,"href":"https:\/\/sofia-ruiz.com\/es\/wp-json\/wp\/v2\/pages\/1528\/revisions\/1995"}],"up":[{"embeddable":true,"href":"https:\/\/sofia-ruiz.com\/es\/wp-json\/wp\/v2\/pages\/1080"}],"wp:attachment":[{"href":"https:\/\/sofia-ruiz.com\/es\/wp-json\/wp\/v2\/media?parent=1528"}],"curies":[{"name":"wp","href":"https:\/\/api.w.org\/{rel}","templated":true}]}}

<div class="wp-block-image is-style-circle-mask"><figure class="aligncenter size-large is-resized"><img loading="lazy" decoding="async" src="https://sofia-ruiz.com/wp-content/uploads/2020/06/Podcastgram-COVID-1024x1024.png" alt="" class="wp-image-1529" width="109" height="109" srcset="https://sofia-ruiz.com/wp-content/uploads/2020/06/Podcastgram-COVID-1024x1024.png 1024w, https://sofia-ruiz.com/wp-content/uploads/2020/06/Podcastgram-COVID-300x300.png 300w, https://sofia-ruiz.com/wp-content/uploads/2020/06/Podcastgram-COVID-150x150.png 150w, https://sofia-ruiz.com/wp-content/uploads/2020/06/Podcastgram-COVID-768x768.png 768w, https://sofia-ruiz.com/wp-content/uploads/2020/06/Podcastgram-COVID.png 1080w" sizes="auto, (max-width: 109px) 100vw, 109px" /></figure></div>



<p class="has-text-align-center has-medium-font-size"><strong><em>Recursos para aprender sobre el racismo y la discriminación.</em></strong></p>



<div class="wp-block-spacer" style="height: 10px;" aria-hidden="true"> </div>
<div aria-hidden="true"><a href="https://www.youtube.com/watch?v=-cWUtzeXsKw" target="_blank" rel="noopener noreferrer">El País</a> entrevistó al actor Tenoch Huerta y expertos sobre el racismo.</div>



<p><a rel="noreferrer noopener" href="https://www.instagram.com/p/CA_RAZJH5JO/?utm_source=ig_web_copy_link" target="_blank">Malvestida</a> tiene una compilación de libros sobre feminismos negros en español.<br><br>Lee <a href="https://www.nytimes.com/es/2020/05/25/espanol/opinion/yalitza-aparicio-roma.html" target="_blank" rel="noreferrer noopener">el artículo</a> de Yalitza Aparicio en el New York Times.<br><br><a rel="noreferrer noopener" href="https://medium.com/wake-up-call/a-detailed-list-of-anti-racism-resources-a34b259a3eea" target="_blank">Medium</a> provee una lista de lecturas en línea en inglés.<br><br><a rel="noreferrer noopener" href="https://www.vanityfair.com/hollywood/2020/06/just-mercy-antiracism-streaming-content-black-lives-matter" target="_blank">Vanity Fair</a> nos informa de varias plataformas que mostrarán cierto contenido de valor para entender las protestas de manera gratuita.<br><br><a rel="noreferrer noopener" href="https://time.com/5847912/movies-to-watch-about-racism-protests/" target="_blank">Time</a> también nos da una lista de películas viejas y nuevas que educan sobre el valor de la protesta y la historia del racismo.<br><br><a rel="noreferrer noopener" href="https://www.jasminehemsley.com/news-feed/2020/6/1/black-lives-matter-what-you-can-do" target="_blank">Jasmine Hemsley</a> también hizo una excelente recopilación de recursos para apoyar.<br><br>Este <a rel="noreferrer noopener" href="https://docs.google.com/document/d/1H-Vxs6jEUByXylMS2BjGH1kQ7mEuZnHpPSs1Bpaqmw0/preview?pru=AAABcqonwLY*MxYPPfKUYehp199MVR3A-Q" target="_blank">Google Doc</a> de Autumn Gupta tiene todo tipo de recursos.</p>



<div class="wp-block-spacer" style="height: 20px;" aria-hidden="true"><a href="https://www.shethinx.com/blogs/thinx-piece/educating-yourself-about-anti-racism?utm_source=sengrid&amp;utm_medium=paid|email&amp;utm_campaign=thinx|all|all|traffic&amp;utm_term=blogreaders&amp;utm_content=blog|na|tp|8952893|cta|060420&amp;emailref=c29maWEucnVpejg2QGdtYWlsLmNvbQ==" target="_blank" rel="noopener noreferrer">Thinx</a> comparte su lista.</div>
<div aria-hidden="true"> </div>



<p class="has-text-align-center"><strong>Me gustaría seguir agregando recursos a la lista, especialmente sobre el racismo y discriminación en México y Latinoamérica, si sabes de algún buen recurso, mándamelo y lo incluiré.</strong></p>



<p>&nbsp;</p>



<div class="wp-block-spacer" style="height: 10px;" aria-hidden="true"> </div>



<div class="wp-block-spacer" style="height: 10px;" aria-hidden="true"> </div>



<p>&nbsp;</p>

<p>Recursos para aprender sobre el racismo y la discriminación. Malvestida tiene una compilación de libros sobre feminismos negros en español. Lee el artículo de Yalitza Aparicio en el New York Times. Medium provee una lista de lecturas en línea en inglés. Vanity Fair nos informa de varias plataformas que mostrarán cierto contenido de valor para&#8230;</p>
